ctors of t.
19, 31
Suppose -23*x = 24314 - 101134. Suppose -5*p - x = -10*p. What are the prime factors of p?
2, 167
Let k(w) be the first derivative of w**3/3 + 10*w**2 - 44*w - 7. Let x be k(-22). Suppose -5*n - 401 + 1071 = x. What are the prime factors of n?
2, 67
List the prime factors of ((-2)/5)/((-7)/700)*(-9 - -1855).
2, 5, 13, 71
Suppose -18*g - 42 = -39*g. Suppose 4*y + g = 2558. List the prime factors of y.
3, 71
Let c = -3861 - -9879. What are the prime factors of c?
2, 3, 17, 59
Let r be (-1 + -5)*8/(-1). Let a(p) = 3*p**3 + 2*p**2 - 12*p + 19. Let c be a(5). Suppose 3*z - c = -r. List the prime factors of z.
2, 7
Suppose -266*j + 256*j = 570. Let y = 698 + j. What are the prime factors of y?
641
Let b(s) = -2*s - 10. Let c be b(-6). Suppose -3*a = c*a. Suppose 32 = 5*g + n + 3*n, n - 3 = a. What are the prime factors of g?
2
Suppose 58 - 150 = -23*y. Suppose 4*u = -y*i + 5340, 17*u - 13*u = -3*i + 4001. What are the prime factors of i?
13, 103
Let q = 29 - 27. Let k(b) = 6*b**q + 27*b - 3 + b**3 + 3*b**2 - 40*b. What are the prime factors of k(-10)?
3
Suppose -176*q + 175*q = 2*n - 11995, -4*n = -2*q + 23966. List the prime factors of q.
19, 631
Let b be (0 - 1)*(-6 - -5). Let h be b*(-3 - -1)*-1. Suppose 145 = h*o + 5*m, 2*m + m = 3. List the prime factors of o.
2, 5, 7
Let h = -43001 - -62249. What are the prime factors of h?
2, 3, 401
Let k = 3 - -1. Suppose 7*n - 1788 = k*n. List the prime factors of n.
2, 149
Let y be 23/(-2)*(-6 + -2). Suppose 5*q - y = -2*r, -5*q - 138 = -5*r + 22. Suppose 38*c - 328 = r*c. What are the prime factors of c?
2, 41
Suppose 0 = -6439*q + 6453*q - 497252. List the prime factors of q.
2, 7, 43, 59
Let y(x) = -3485*x - 4490. List the prime factors of y(-21).
5, 11, 1249
Let h be (0 - 2) + 8 + -10. Let g(y) = -53*y + 3. What are the prime factors of g(h)?
5, 43
Let i = -1123 - -6084. What are the prime factors of i?
11, 41
Suppose 7*m + 3*k - 27 = 2*m, -3*m + 2*k = -20. Suppose m*b - 7217 = -b. List the prime factors of b.
1031
Suppose 19*p = 24*p - 5*d - 130, 0 = -p + 2*d + 27. Suppose -2*o = -214 + 26. Let x = o - p. What are the prime factors of x?
3, 23
Let y be 102/21 - 5/(-35). Suppose 2*o = -y*z + 15, 5*z - 5 + 0 = 0. Suppose 0 = -2*k + i + 2, 0 = -o*k + 4*i + i. What are the prime factors of k?
2
Let r(b) = -b**3 - 2*b**2 + 2*b + 1. Let j be r(-2). Let a be j/((-2)/((-100)/(-15))). List the prime factors of (0 - 135/a)*-18.
3
Suppose -10583925 = -255*o + 11464395. List the prime factors of o.
2, 7, 193
What are the prime factors of (-114)/(-95)*(-10)/(-15)*46750/4?
2, 5, 11, 17
Suppose 2*r - 11015 = -3*z, -r + 5*z = 4*z - 5495. List the prime factors of r.
2, 5, 11
List the prime factors of -3 + 174/60 - 815893/(-130).
2, 3, 523
Let x(y) = -y - 15. Let s be x(-10). Let f(h) = -h**2 - 8*h - 8. Let j be f(s). Suppose 735 = j*a - 2*a. List the prime factors of a.
3, 7
Let j = 88 - 58. Let g be (20/j)/(2/27). Let m(i) = 5*i - 1. List the prime factors of m(g).
2, 11
Let d(o) = 1 - 6*o - 2*o**2 + 15 + o**2 - 23. Let n be d(-3). What are the prime factors of -1 - ((-1*26)/n + 1)?
11
Suppose 0 = -58*k + 74*k - 15696. Suppose 10*c - 1299 = k. List the prime factors of c.
2, 3, 19
Let f(t) = 3*t**2 - 23*t - 2. Suppose -2*w - 72 = -102. What are the prime factors of f(w)?
2, 41
Let f = -1452 - -2067. Let t = f + -228. List the prime factors of t.
3, 43
Let w(o) = 4*o**3 + 7*o - 13. Let i(x) = -5*x**3 - 8*x + 14. Let q(h) = 5*i(h) + 6*w(h). What are the prime factors of q(-6)?
2, 7
Suppose -4*p + 8592 = -15048. Let f be (-6)/15 - p/(-25). Let u = f - 145. List the prime factors of u.
7, 13
Suppose -15*n + 55*n = -12*n + 41548. List the prime factors of n.
17, 47
Suppose -21*w = -24*w + h + 11654, 3*w = 5*h + 11674. List the prime factors of w.
11, 353
Suppose -s + 33 + 50 = 0. Suppose s = -3*d + 398. Suppose -9*w + d = -6*w. List the prime factors of w.
5, 7
Suppose 38994 + 36690 = 14*m. List the prime factors of m.
2, 3, 17, 53
Let g(p) = -p**3 + 72*p**2 - 762*p + 127. List the prime factors of g(49).
2, 3, 19, 79
Let b(a) be the second derivative of a**4/12 - a**3/6 - 34*a**2 + 8*a. What are the prime factors of b(10)?
2, 11
What are the prime factors of (5/((-20)/20794))/(1/(-2))?
37, 281
Let y be -7*(-2 + (2 - -4))/(-7). Suppose -2*r + l = -y*l - 1056, 0 = 2*l. What are the prime factors of r?
2, 3, 11
Let n(p) = 2*p**2 - 6*p - 54. Let a be n(10). Suppose -2*r + 554 = -a. What are the prime factors of r?
2, 5
Let p(u) = -205*u + 1448. List the prime factors of p(-7).
3, 31
Let b = -89 - -164. Let p be b/9 - 1/3. Suppose -p*q + 140 + 220 = 0. What are the prime factors of q?
3, 5
Suppose -4*h - 8046 = -2*j + 3062, -h = -j + 5549. List the prime factors of j.
2, 3, 7, 11
Let w(x) = x**3 - 45*x**2 - 79*x + 335. What are the prime factors of w(49)?
2, 37, 41
Suppose -8 = -2*a - 2. Let o(b) = -2*b**2 + 11*b + 17. Let j be o(7). What are the prime factors of (348/a)/1 + j?
2, 7
Let l(n) = 62*n + 35. Let s be l(5). Suppose 3*k - s = -j - 0*k, -985 = -3*j + k. Let f = -199 + j. List the prime factors of f.
131
Let u(p) = 29*p - 11*p + 9 - 17*p. Let c be u(-6). Suppose 44 = d + c*y, d = -d + 3*y + 43. What are the prime factors of d?
29
Suppose 32*p = 22*p - 33*p + 373154. What are the prime factors of p?
2, 4339
Suppose -4944*t + 4946*t = 51142. What are the prime factors of t?
7, 13, 281
Suppose -86*a = -173143 - 2504983. List the prime factors of a.
11, 19, 149
Let o(l) = 150*l - 4286. List the prime factors of o(41).
2, 233
Let b(l) be the third derivative of -l**5/60 - l**4/24 + 13*l**3/3 - 8*l**2 + l. List the prime factors of b(0).
2, 13
Suppose -3*j - 6*j = -225. List the prime factors of j*(6 + -3)*(-32)/(-6).
2, 5
Suppose 29988 = -120*f + 134*f. Suppose -4*a - f = -7*a. List the prime factors of a.
2, 3, 7, 17
Suppose -3*i = 4*j + 270 - 832, -i = -5*j - 200. Suppose i = -5*r + 10*r. List the prime factors of r.
2, 19
Let x be 6025/(-2) - (18 - 7)/(-22). Let j = 4341 + x. What are the prime factors of j?
3, 443
List the prime factors of 1*(32793 - -5) + 16.
2, 3, 1823
Suppose -40*m = -42*m. Suppose m = 3*n - 2110 + 541. What are the prime factors of n?
523
Let n(x) = -x**2 + 49*x - 180. Let d be 0 + (-3 - 2)/((-4)/24). List the prime factors of n(d).
2, 3, 5, 13
Let r(t) be the third derivative of 4*t**2 - 5/6*t**3 + 0*t - 7/24*t**4 - 1/10*t**5 + 0 - 1/60*t**6. What are the prime factors of r(-4)?
5, 11
List the prime factors of 17235/4*((-126)/(-18) - 3).
3, 5, 383
Let f(l) = -12*l - 3. Suppose -5*r = -3*s - 1, 5*r - 4 = -s + 3*s. Let n be 1/r*(0 + 2*-5). List the prime factors of f(n).
3, 19
Let u(t) be the third derivative of t**5/60 - t**4/12 - 15*t**3/2 + 50*t**2. What are the prime factors of u(-19)?
2, 3, 59
Let z = 12538 - -14500. What are the prime factors of z?
2, 11, 1229
Suppose -y + 2 = 0, 0 = 2641*r - 2639*r - 5*y - 95522. What are the prime factors of r?
2, 3, 19, 419
Let q = 269 - 280. Let h(o) = -o**3 + 5*o**2 + 16*o - 8. What are the prime factors of h(q)?
2, 3, 73
Suppose 0 = -12*d - 27 - 9. Let s(q) = -24*q**3 - q**2 + 4*q - 8. What are the prime factors of s(d)?
619
Let t = 248 - 264. What are the prime factors of 164 + (t - -14 - -2*1)?
2, 41
Suppose -16*n + 11*n + 36390 = 0. List the prime factors of n.
2, 3, 1213
Let b = 90398 + -59334. What are the prime factors of b?
2, 11, 353
Let q = 112 - 109. List the prime factors of (-4)/8 - q/(24/(-6820)).
2, 3, 71
Let f(j) = -2237*j + 1844. What are the prime factors of f(-15)?
7, 13, 389
Let a = 11001 + -4897. Suppose 38*u - a = 31*u. What are the prime factors of u?
2, 109
Let j = 2429 - -3406. What are the prime factors of j?
3, 5, 389
Let r(x) = -7*x - 18. Let i be r(5). Let p = 57 + i. Let c(h) = 5*h**2 - 5*h + 4. What are the prime factors of c(p)?
2
What are the prime factors of 4/11 + 64093860/1980?
32371
Let y(v) = -83*v - 937. Let n be y(-11). Suppose 0 = -4*h + 4*x - 1012, -521 = -0*h + 2*h + 3*x. What are the prime factors of (h/n)/(4/18)?
2, 3
Suppose -2*p + 50392 = d, 2*p - 53308 = 4*d - 2886. What are the prime factors of p?
113, 223
Let l = -41 - -79. Let a = l - 33. Suppose 0*g - z = g - 202, -a*g - z + 1030 = 0. What are the prime factors of g?
3, 23
Let n(m) = -m**2 - 7*m - 6. Let s be n(-4). Let g be 2*5